+ 28. Give r(117).
262
Let g(u) = -u**3 + 85*u**2 + 836*u + 737. Determine g(94).
-203
Let c(t) = -3150*t - 46624. Give c(-15).
626
Let p(w) = -8*w**2 - 498*w - 29. What is p(-64)?
-925
Let g(y) = -y**3 + 77*y**2 - 3*y + 116. Determine g(77).
-115
Let j(m) = -507*m**2 + 3525*m - 4. Determine j(7).
-172
Let c(o) = 4*o**2 - 3312*o - 609464. Calculate c(-155).
-4
Let y(b) = -4*b**2 - 236*b - 2928. Give y(-17).
-72
Let m(h) = -454*h + 22227. Give m(46).
1343
Let q(v) = -v**3 - 121*v**2 - 1205*v - 10552. What is q(-111)?
-7
Let x(s) = s**3 + 2*s**2 - 5220*s + 38. Calculate x(0).
38
Let s(b) = 227*b**2 + 836*b - 1673. Determine s(2).
907
Let u(y) = y**3 + 265*y**2 + 11009*y + 20329. Give u(-214).
-1
Let y(f) = 511*f**2 - 2547*f - 65. Give y(5).
-25
Let i(s) = 529473*s + 3176844. Calculate i(-6).
6
Let i(a) = -1100*a - 8654. Give i(-8).
146
Let t(x) = 154*x + 3240. Give t(-21).
6
Let w(t) = 2*t**3 + t**2 - 13944*t - 27876. Determine w(-2).
0
Let y(o) = -3491*o - 20958. Determine y(-6).
-12
Let p(k) = 3*k**3 + 7*k**2 - 517*k + 12. What is p(12)?
0
Let x(y) = -y**2 + 30176*y - 2287601. Calculate x(76).
-1
Let x(s) = -33668*s - 167961. Calculate x(-5).
379
Let d(g) = -1648*g - 11121. Give d(-7).
415
Let v(d) = -6*d**2 + 247*d + 124. What is v(42)?
-86
Let i(m) = 3349*m**2 - 43533*m - 51. Determine i(13).
1
Let w(z) = -73*z**2 - 1166*z - 69. Give w(-18).
-2733
Let s(z) = -5029*z - 50216. Calculate s(-10).
74
Let l(y) = y**2 + 500*y - 22137. Calculate l(-541).
44
Let u(z) = -55*z + 424. Give u(6).
94
Let v(h) = 20*h**2 - 53349*h + 372473. Give v(7).
10
Let r(f) = -3*f**3 - 123*f**2 + 800*f + 4945. What is r(-46)?
-115
Let s(y) = -y**3 + y**2 - 5*y + 4. Calculate s(-5).
179
Let x(t) = -t**3 - 146*t**2 - 605*t - 125. Determine x(-4).
23
Let n(x) = -5*x**2 - 2689*x + 159786. Determine n(54).
0
Let o(r) = -36*r**2 - 1216*r + 385. Determine o(-34).
113
Let a(g) = -g**3 + 135*g**2 + 260*g - 16877. Calculate a(136).
-13
Let d(r) = -r**3 + 136*r**2 - 1019*r - 30351. Determine d(126).
15
Let q(z) = 4263*z**2 + 225940*z + 57. What is q(-53)?
4
Let j(z) = -285*z - 13605. Calculate j(-48).
75
Let i(c) = 790742*c - 12651882. Give i(16).
-10
Let f(y) = -y**3 + 19*y**2 - 57*y - 16. What is f(15)?
29
Let x(l) = 19*l**2 - 98*l + 206. Determine x(3).
83
Let h(v) = 2*v**2 + 854*v + 6160. Calculate h(-7).
280
Let b(s) = 29*s**2 - 150*s - 22. Determine b(-5).
1453
Let d(m) = -535*m**3 + m**2 - 310*m + 311. Determine d(1).
-533
Let i(t) = -t**3 - 122*t**2 - 218*t + 16566. Give i(-119).
25
Let u(x) = -10*x**3 - 2*x**2 + 488*x + 1461. Determine u(-3).
249
Let y(f) = 3*f**3 + 18*f**2 + 6*f + 1092. What is y(0)?
1092
Let g(l) = -l**3 + 143*l**2 + 122*l - 37489. Determine g(142).
-1
Let m(g) = -590*g**2 + 22430*g - 344. What is m(38)?
36
Let v(u) = -u**2 + 155*u + 5565. Give v(-30).
15
Let d(l) = -5*l**3 - 103*l**2 + 535*l + 2. Calculate d(5).
-523
Let u(b) = -1246*b - 35952. Give u(-29).
182
Let n(y) = 39*y**2 - 9906*y - 9943. Calculate n(255).
2
Let c(r) = -2017*r + 12097. What is c(6)?
-5
Let j(r) = 10043*r + 100442. Give j(-10).
12
Let m(h) = h**3 - 105*h**2 - 297*h - 2443. Give m(108).
473
Let h(f) = 2*f**3 - 47*f**2 - 395*f - 229. What is h(30)?
-379
Let i(u) = 58*u**2 + 912*u - 190. Give i(-16).
66
Let u(y) = 2*y**2 + 217394*y - 1087027. Give u(5).
-7
Let h(a) = a**2 - 11897*a + 71345. Calculate h(6).
-1
Let z(b) = 17307*b + 138395. Give z(-8).
-61
Let y(j) = -231*j**3 + 1847*j**2 + 61*j - 441. Determine y(8).
-17
Let f(g) = 8*g**2 + 1026*g - 5448. Calculate f(5).
-118
Let j(i) = -92588*i + 1759168. Calculate j(19).
-4
Let o(x) = x**3 - 133*x**2 + 1342*x + 93. Determine o(11).
93
Let o(r) = -2*r**2 + 9380*r + 273707. Give o(-29).
5
Let m(f) = -f**2 - 2917*f + 52780. Give m(18).
-50
Let h(d) = -2115*d**2 + 105745*d + 247. Give h(50).
-3
Let t(s) = 7*s**2 - 999*s - 106618. Determine t(214).
168
Let i(g) = 3*g**2 - 63*g - 1320. Calculate i(-14).
150
Let o(y) = 158*y + 3634. Determine o(-33).
-1580
Let h(q) = 135*q**2 + 37*q + 121. Determine h(-3).
1225
Let q(o) = 12592*o - 75509. What is q(6)?
43
Let h(f) = -9*f - 1019. What is h(-107)?
-56
Let p(j) = -2*j**2 + 42760*j - 2260667. Determine p(53).
-5
Let k(x) = -10*x**2 - 6792*x - 144587. What is k(-22)?
-3
Let z(p) = -p**3 + 72*p**2 + 218*p - 10026. Calculate z(73).
559
Let q(p) = 491*p + 69712. Determine q(-142).
-10
Let h(v) = -v**3 - 142*v**2 + 1399*v + 316420. Calculate h(-135).
-20
Let t(a) = -541*a**3 - 14067*a**2 + 9*a + 905. Calculate t(-26).
-5
Let g(h) = 66*h + 9091. Calculate g(-140).
-149
Let v(n) = -27*n**2 + 3507*n - 3511. Calculate v(1).
-31
Let l(x) = x**2 + 739*x + 136509. What is l(-363)?
21
Let l(f) = 254829*f - 1528985. Calculate l(6).
-11
Let i(j) = -194*j**2 + 2718*j + 233. Give i(14).
261
Let r(k) = -758*k**3 - 11*k**2 + 118*k + 131. What is r(-1)?
760
Let i(y) = 332*y - 3832. Determine i(11).
-180
Let x(o) = o**3 - o**2 - 644*o + 4691. What is x(8)?
-13
Let t(l) = -l**2 - 349*l - 11126. Calculate t(-36).
142
Let g(v) = -3019*v + 78497. Give g(26).
3
Let l(q) = 5*q**3 - 8*q**2 + 2415*q - 4829. What is l(2)?
9
Let z(g) = 10*g**2 + 6535*g + 145029. Determine z(-23).
14
Let a(s) = 3687*s - 62432. Calculate a(17).
247
Let d(v) = -2*v**3 - 19*v**2 - 673*v + 3111. Give d(4).
-13
Let h(l) = -11*l**2 + 2195*l + 221. Determine h(199).
1415
Let o(s) = 25508*s + 1377450. What is o(-54)?
18
Let o(m) = m**3 - 26*m**2 + 194*m - 462. Determine o(14).
-98
Let g(j) = 1030950*j + 1030951. What is g(-1)?
1
Let v(x) = -4033*x + 44349. What is v(11)?
-14
Let v(n) = 2*n**3 - 249*n**2 - 2119*n + 30992. What is v(-15)?
2
Let i(u) = u**2 - 410805*u + 2464848. Give i(6).
54
Let a(o) = -964*o - 35649. Calculate a(-37).
19
Let y(t) = -t**3 - 166*t**2 + 210*t + 7237. Determine y(-167).
56
Let r(z) = 6*z**3 + 237*z**2 + 43*z - 2889. Give r(-39).
-3
Let r(x) = -2*x**3 - 8*x**2 - 47*x - 11. Give r(-9).
1222
Let j(d) = -286*d + 4820. Give j(17).
-42
Let k(a) = a**3 - 123*a**2 + 376*a - 2057. Calculate k(120).
-137
Let h(w) = -17*w**2 - 2874*w - 65354. What is h(-142)?
-34
Let v(t) = -53*t**2 + 2619*t - 54. Give v(49).
1024
Let u(x) = x**3 - 76*x**2 + 222*x + 7. Determine u(3).
16
Let w(m) = -57*m**3 - 284*m**2 - 7*m - 77. Calculate w(-5).
-17
Let l(m) = -2*m**3 + 588*m**2 + 6712*m - 524. Calculate l(305).
86
Let f(g) = -14381*g - 518122. Give f(-36).
-406
Let f(x) = -x**3 + 19*x**2 - 8*x - 36. Give f(21).
-1086
Let u(p) = -p**3 + 34*p**2 - 333*p + 25. Give u(0).
25
Let x(n) = -52590*n + 53273671. Give x(1013).
1
Let d(b) = -b**3 - 37*b**2 + 94*b + 1199. Give d(-39).
575
Let a(w) = 2*w**2 + 943*w + 74840. Give a(-101).
-1
Let o(z) = -z**3 + 20*z**2 + 507*z. Determine o(-16).
1104
Let m(i) = -24934*i + 598406. Calculate m(24).
-10
Let n(f) = 2*f**3 + 14*f**2 + 67*f + 815. Determine n(-10).
-455
Let d(z) = z**3 + 111*z**2 + 74*z - 3929. What is d(-110)?
31
Let m(k) = 6*k**2 - 1062*k - 5417. Give m(-5).
43
Let c(l) = 4148*l - 1978601. Give c(477).
-5
Let s(u) = 54*u**2 + 2972*u + 208. Give s(-55).
98
Let h(j) = 70576*j + 1905558. Determine h(-27).
6
Let k(a) = -3*a**2 + 2111*a - 70211. Calculate k(35).
-1
Let k(y) = 1073*y - 25726. Determine k(24).
26
Let h(r) = -10*r**3 + 4*r**2 + 16*r - 30. Determine h(4).
-542
Let s(m) = 65*m**2 + 8388*m + 380. Calculate s(-129).
-7
Let s(g) = -6*g**2 + 9*g + 245. What is s(-14)?
-1057
Let x(g) = -g**3 + 79*g**2 - 3*g + 142. Calculate x(79).
-95
Let q(u) = -u**2 - 956*u - 1823. Determine q(0).
-1823
Let o(p) = -p**2 + 19175*p - 765399. Determine o(40).
1
Let f(u) = -734*u + 119609. Give f(163).
-33
Let n(w) = -2715*w - 10886. Determine n(-4).
-26
Let l(t) = 2*t**2 - 14373*t - 1472065. What is l(-101)?
10
Let w(s) = -s**2 - 15937*s + 95656. Calculate w(6).
-2
Let m(c) = -164*c**3 + 10*c**2 - 77*c + 136. Determine m(2).
-1290
Let y(i) = i**3 - 66*i**2 - 4534*i - 237. Determine y(108).
-21
Let c(n) = 1174*n + 32854. Determine c(-28).
-18
Let u(x) = 249*x**2 + 487*x - 39. Calculate u(-5).
3751
Let x(k) = 14698*k + 4379997. Determine x(-298).
-7
Let o(q) = 2*q**3 - 16*q**2 - 42*q - 237. What is o(11)?
27
Let m(r) = 190*r - 64237. Determine m(338).
-17
Let d(c) = -33*c**2 + 109*c + 843. Calculate d(-8).
-2141
Let f(v) = -5*v**2 + 523*v - 2477. Calculate f(98).
757
Let q(w) = -188*w - 15010. Give q(-80).
30